atest common divisor of 1176456 and 24.
24
What is the highest common divisor of 53096 and 8?
8
What is the highest common divisor of 40700 and 125?
25
What is the highest common factor of 14 and 141442?
14
Calculate the greatest common factor of 117830 and 40.
10
Calculate the greatest common divisor of 2284065 and 3780.
945
Calculate the highest common factor of 1251 and 2641.
139
What is the highest common factor of 145606 and 517?
47
Calculate the highest common factor of 513 and 3405294.
513
Calculate the highest common factor of 208636 and 43.
43
Calculate the highest common divisor of 11359 and 592.
37
What is the highest common divisor of 22 and 14069?
11
What is the highest common factor of 12 and 119676?
12
What is the highest common factor of 12685 and 172?
43
What is the highest common divisor of 516725 and 4400?
275
Calculate the greatest common factor of 363 and 67397.
121
Calculate the greatest common divisor of 546 and 16702.
14
Calculate the greatest common factor of 9640 and 32140.
20
What is the greatest common divisor of 4470 and 7230?
30
What is the highest common divisor of 132 and 1416?
12
Calculate the highest common factor of 142358 and 129744.
1802
What is the highest common divisor of 15 and 32390?
5
Calculate the highest common factor of 1938 and 289408.
646
Calculate the greatest common divisor of 545 and 6845.
5
Calculate the highest common divisor of 47630 and 150.
10
Calculate the highest common divisor of 53761 and 37.
37
What is the highest common factor of 194235 and 65?
5
What is the highest common divisor of 30 and 17790?
30
Calculate the highest common factor of 42939 and 585.
117
Calculate the greatest common factor of 274 and 132479.
137
What is the greatest common factor of 322 and 1750?
14
What is the highest common factor of 510720 and 1400?
280
Calculate the highest common factor of 77 and 70378.
77
What is the highest common factor of 159154 and 93806?
1054
Calculate the highest common divisor of 270 and 3294.
54
What is the highest common factor of 177516 and 180?
36
Calculate the greatest common factor of 1326 and 7174.
34
What is the highest common divisor of 5292 and 24?
12
What is the greatest common divisor of 2055 and 138507?
411
What is the highest common divisor of 27500 and 22?
22
Calculate the highest common divisor of 51022 and 582.
194
Calculate the greatest common factor of 477 and 86904.
9
What is the greatest common divisor of 6144694 and 58?
58
Calculate the highest common divisor of 654 and 1853.
109
Calculate the greatest common divisor of 253407 and 77.
77
What is the greatest common factor of 49 and 1323637?
49
Calculate the highest common factor of 19502379 and 1767.
1767
Calculate the greatest common divisor of 3772 and 26199.
41
What is the greatest common factor of 1296 and 1323?
27
What is the greatest common divisor of 33777 and 47061?
81
What is the greatest common divisor of 2988 and 137780?
332
Calculate the highest common factor of 122 and 161162.
122
Calculate the greatest common divisor of 1466 and 2302.
2
Calculate the greatest common divisor of 7500 and 195.
15
Calculate the greatest common factor of 84 and 44436.
84
Calculate the highest common divisor of 76 and 4351.
19
Calculate the greatest common divisor of 4950 and 418.
22
Calculate the greatest common factor of 199281 and 543.
543
What is the greatest common divisor of 19 and 892069?
19
What is the greatest common divisor of 81856 and 224?
32
What is the highest common divisor of 13668 and 12864?
804
What is the greatest common factor of 1278 and 30618?
18
Calculate the highest common divisor of 42175 and 400.
25
What is the highest common divisor of 1777 and 8485175?
1777
What is the highest common factor of 351 and 43368?
39
Calculate the highest common factor of 199 and 1535683.
199
What is the highest common divisor of 126 and 15722?
14
Calculate the greatest common factor of 2170 and 1218.
14
Calculate the highest common factor of 8 and 460700.
4
What is the highest common divisor of 53850 and 125?
25
What is the greatest common divisor of 1500 and 2700?
300
Calculate the highest common divisor of 64 and 473024.
64
Calculate the highest common divisor of 266949 and 135.
27
Calculate the greatest common divisor of 10 and 43595.
5
What is the greatest common divisor of 2156 and 1034?
22
What is the greatest common divisor of 6 and 1181646?
6
Calculate the highest common factor of 6281 and 253.
11
Calculate the highest common factor of 145 and 48952.
29
Calculate the greatest common factor of 22208 and 64.
64
Calculate the greatest common factor of 119 and 804902.
7
What is the highest common divisor of 238 and 101864?
238
Calculate the greatest common divisor of 301444 and 187.
187
What is the highest common factor of 28714 and 23716?
98
What is the highest common divisor of 484 and 4796?
44
Calculate the highest common divisor of 157379 and 2359.
337
What is the greatest common divisor of 40762 and 1832?
458
What is the highest common factor of 23820 and 192?
12
What is the greatest common divisor of 218735 and 11?
11
Calculate the highest common factor of 600 and 5712.
24
What is the highest common divisor of 264 and 32196?
12
What is the highest common divisor of 112472 and 68?
68
What is the highest common factor of 30815 and 515?
5
What is the greatest common divisor of 86 and 75422?
86
What is the highest common factor of 759 and 21367?
23
What is the greatest common factor of 576 and 461472?
96
What is the greatest common factor of 984 and 327836?
164
What is the highest common divisor of 22 and 504471?
11
What is the greatest common factor of 820 and 2630?
10
What is the highest common factor of 198 and 110682?
198
What is the highest common factor of 1938796 and 404?
404
Calculate the highest common factor of 87576 and 123.
123
What is the highest common divisor of 10976 and 268?
4
Calculate the greatest common factor of 2157 and 2173537.
719
Calculate the highest common factor of 618 and 3047358.
618
What is the highest common divisor of 1372 and 2828?
28
What is the highest common factor of 19072 and 156748?
596
Calculate the greatest common factor of 12221709 and 97.
97
Calculate the greatest common factor of 68 and 1539622.
34
Calculate the greatest common divisor of 403 and 24304.
31
What is the highest common factor of 603 and 33567?
201
Calculate the highest common factor of 249 and 669.
3
Calculate the highest common factor of 147867 and 6693.
69
What is the highest common factor of 17808 and 16006?
106
What is the greatest common divisor of 10360861 and 1358?
679
What is the greatest common divisor of 10453 and 7?
1
What is the greatest common factor of 1952 and 21344?
32
Calculate the greatest common divisor of 16938868 and 1156.
1156
Calculate the greatest common divisor of 31 and 13609.
31
Calculate the highest common factor of 108 and 395172.
108
What is the greatest common factor of 748 and 81124?
68
What is the greatest common divisor of 4851 and 1987587?
441
What is the highest common divisor of 13580 and 2660?
140
What is the highest common factor of 30839 and 2?
1
What is the highest common divisor of 2 and 2563?
1
What is the greatest common divisor of 157666 and 93?
31
Calculate the greatest common factor of 264 and 239184.
264
Calculate the highest common factor of 1872 and 121563.
117
What is the greatest common factor of 18745 and 920?
115
Calculate the greatest common divisor of 135746 and 1242.
46
What is the highest common factor of 3997 and 210?
7
What is the greatest common divisor of 24908 and 116397?
479
Calculate the highest common divisor of 273 and 80808.
273
What is the highest common divisor of 2291 and 70499?
29
Calculate the greatest common factor of 2692 and 140.
4
What is the highest common divisor of 518 and 7918?
74
Calculate the greatest common divisor of 3505766 and 418.
418
What is the highest common divisor of 374 and 42908?
34
Calculate the greatest common divisor of 91110 and 30.
30
What is the greatest common factor of 128 and 362496?
128
What is the highest common factor of 8598 and 12?
6
Calculate the greatest common divisor of 17864 and 10063.
29
Calculate the highest common divisor of 3 and 717888.
3
Calculate the highest common divisor of 